s of 1066319089.
11, 571, 169769
What are the prime factors of 1088227986?
2, 3, 41, 4423691
What are the prime factors of 9011441120?
2, 5, 11, 191, 2437
List the prime factors of 93656840.
2, 5, 2341421
List the prime factors of 25812555.
3, 5, 23, 3253
What are the prime factors of 9481974?
2, 3, 67, 103, 229
List the prime factors of 31668377.
13, 29, 167, 503
What are the prime factors of 865490468?
2, 17, 83, 89, 1723
List the prime factors of 14734071.
3, 11, 148829
List the prime factors of 35668201.
35668201
What are the prime factors of 809787892?
2, 419, 483167
List the prime factors of 86182253.
86182253
What are the prime factors of 5415119812?
2, 1353779953
What are the prime factors of 228112110?
2, 3, 5, 41, 61819
List the prime factors of 191424034.
2, 113, 847009
List the prime factors of 120114173.
37, 3246329
What are the prime factors of 359670040?
2, 5, 41, 219311
What are the prime factors of 1147576?
2, 67, 2141
What are the prime factors of 280394164?
2, 281, 313, 797
List the prime factors of 190816129.
7, 31, 719, 1223
List the prime factors of 801336803.
17, 107, 440537
List the prime factors of 3083537541.
3, 7, 607, 241903
What are the prime factors of 248544159?
3, 89, 389, 2393
List the prime factors of 6212862.
2, 3, 38351
List the prime factors of 1077008506.
2, 7, 37, 2079167
What are the prime factors of 414757310?
2, 5, 11, 103, 36607
List the prime factors of 73753214.
2, 73, 505159
What are the prime factors of 2388487989?
3, 9787, 81349
What are the prime factors of 64712446?
2, 383, 84481
List the prime factors of 565387045.
5, 29, 197, 19793
What are the prime factors of 603092503?
13, 46391731
List the prime factors of 486344076.
2, 3, 40528673
List the prime factors of 3774824855.
5, 103, 149, 49193
List the prime factors of 137969103.
3, 45989701
List the prime factors of 8539704.
2, 3, 83, 1429
List the prime factors of 1757836145.
5, 13, 37, 730909
What are the prime factors of 427440903?
3, 142480301
List the prime factors of 48364968.
2, 3, 443, 4549
What are the prime factors of 26326670?
2, 5, 233, 11299
What are the prime factors of 477834551?
1097, 435583
List the prime factors of 295020900.
2, 3, 5, 109267
List the prime factors of 2918419776.
2, 3, 1213, 4177
List the prime factors of 604755552.
2, 3, 17, 370561
What are the prime factors of 990224542?
2, 3361, 147311
List the prime factors of 19107981.
3, 235901
What are the prime factors of 5650199078?
2, 419, 6742481
List the prime factors of 359281306.
2, 229, 784457
What are the prime factors of 7431872672?
2, 7, 33178003
What are the prime factors of 4222462776?
2, 3, 7, 571, 44017
What are the prime factors of 411219685?
5, 47, 139, 12589
List the prime factors of 21804337.
21804337
What are the prime factors of 3321314925?
3, 5, 47, 942217
List the prime factors of 6429788151.
3, 31, 43, 1607849
List the prime factors of 129135908.
2, 11, 311, 9437
What are the prime factors of 55066745?
5, 11013349
What are the prime factors of 42731259?
3, 137, 103969
What are the prime factors of 40474174?
2, 13, 89, 17491
List the prime factors of 142567348.
2, 7, 11, 462881
List the prime factors of 2028727877.
11, 683, 270029
List the prime factors of 5666078825.
5, 11, 19, 43, 25219
What are the prime factors of 63512572?
2, 37, 429139
List the prime factors of 138451819.
11, 59, 383, 557
List the prime factors of 228530796.
2, 3, 13, 17, 37, 137
What are the prime factors of 93869739?
3, 23, 71, 2129
List the prime factors of 21179430.
2, 3, 5, 139, 1693
List the prime factors of 354760204.
2, 1061, 83591
What are the prime factors of 639891013?
269, 541, 4397
List the prime factors of 123672971.
251, 492721
List the prime factors of 33583060.
2, 5, 7, 239879
What are the prime factors of 2290521155?
5, 13, 19, 1854673
What are the prime factors of 898255519?
7, 101, 557, 2281
What are the prime factors of 37957891?
2111, 17981
List the prime factors of 7895755690.
2, 5, 789575569
What are the prime factors of 6111904443?
3, 479, 953, 4463
List the prime factors of 87944504.
2, 1753, 6271
What are the prime factors of 39735549?
3, 7, 210241
List the prime factors of 32973941.
7, 11, 13, 32941
List the prime factors of 1076182870.
2, 5, 7, 15374041
What are the prime factors of 27016057?
27016057
List the prime factors of 63202174.
2, 7, 43, 104987
What are the prime factors of 56065449?
3, 11, 1698953
List the prime factors of 7301054428.
2, 1825263607
What are the prime factors of 51864497?
601, 86297
What are the prime factors of 206181101?
7, 419, 70297
What are the prime factors of 176260047?
3, 179, 383, 857
List the prime factors of 6525472431.
3, 2791, 779347
List the prime factors of 39776253.
3, 11, 19, 63439
List the prime factors of 923301044.
2, 230825261
What are the prime factors of 135891668?
2, 11, 3088447
What are the prime factors of 14843276?
2, 7, 75731
List the prime factors of 920717749.
7, 53, 2481719
What are the prime factors of 64347978?
2, 3, 2011, 5333
List the prime factors of 22435600.
2, 5, 11, 5099
List the prime factors of 2904132875.
5, 7, 3319009
What are the prime factors of 8282016?
2, 3, 149, 193
List the prime factors of 119848182.
2, 3, 83, 240659
What are the prime factors of 212071762?
2, 7, 41, 53, 6971
What are the prime factors of 73087628?
2, 1063, 17189
List the prime factors of 244551869.
19, 317, 2137
What are the prime factors of 523112904?
2, 3, 29, 1031
List the prime factors of 794179929.
3, 337, 809, 971
What are the prime factors of 790879699?
37, 21375127
List the prime factors of 147728555.
5, 13, 17, 133691
List the prime factors of 451543077.
3, 311, 161323
List the prime factors of 291727992.
2, 3, 193, 62981
What are the prime factors of 5046063849?
3, 277, 2024093
What are the prime factors of 2736392279?
53, 311, 166013
List the prime factors of 95483104.
2, 53, 56299
What are the prime factors of 557792938?
2, 607, 459467
List the prime factors of 198924358.
2, 37, 2688167
List the prime factors of 139557290.
2, 5, 421, 33149
What are the prime factors of 184761356?
2, 13, 557, 6379
List the prime factors of 110848786.
2, 55424393
What are the prime factors of 179844120?
2, 3, 5, 19, 26293
What are the prime factors of 59652070?
2, 5, 71, 84017
What are the prime factors of 147542208?
2, 3, 11, 69859
List the prime factors of 68319243.
3, 17, 41, 10891
List the prime factors of 424006498.
2, 1117, 189797
List the prime factors of 2292350915.
5, 3691, 124213
What are the prime factors of 5891450?
2, 5, 23, 47, 109
What are the prime factors of 58815989?
58815989
What are the prime factors of 133560146?
2, 3847, 17359
List the prime factors of 1075836541.
13, 82756657
List the prime factors of 185777830.
2, 5, 7, 2653969
List the prime factors of 22943085.
3, 5, 11, 211, 659
List the prime factors of 33238046.
2, 61, 113, 2411
List the prime factors of 1262412491.
1931, 653761
List the prime factors of 68592987.
3, 31, 59, 463
List the prime factors of 15862083.
3, 419, 12619
What are the prime factors of 459146319?
3, 17, 59, 331, 461
What are the prime factors of 340536228?
2, 3, 3851, 7369
List the prime factors of 90622431.
3, 2179, 4621
List the prime factors of 1405940492.
2, 11, 19, 88513
List the prime factors of 89977037.
1097, 82021
List the prime factors of 688901865.
3, 5, 23, 1996817
What are the prime factors of 73790974?
2, 31, 1190177
List the prime factors of 12943453.
101, 128153
What are the prime factors of 265183582?
2, 132591791
List the prime factors of 1057627814.
2, 23, 22991909
What are the prime factors of 2752238721?
3, 26459, 34673
What are the prime factors of 300789486?
2, 3, 233, 71719
List the prime factors of 135730547.
19, 1061, 6733
List the prime factors of 431200800.
2, 3, 5, 19963
What are the prime factors of 582973550?
2, 5, 1033, 11287
What are the prime factors of 2489838387?
3, 829946129
List the prime factors of 2980806948.
2, 3, 7, 2393, 4943
What are the prime factors of 6923887536?
2, 3, 109, 1323373
What are the prime factors of 303688742?
2, 7, 19, 509, 2243
What are the prime factors of 222938422?
2, 7, 31, 513683
What are the prime factors of 26435067?
3, 43, 204923
List the prime factors of 244398144.
2, 3, 149, 8543
List 